?
11, 163, 1321
What are the prime factors of 207011?
7, 29573
List the prime factors of 38395635.
3, 5, 431, 5939
List the prime factors of 409916.
2, 13, 7883
What are the prime factors of 65810?
2, 5, 6581
What are the prime factors of 300891?
3, 100297
What are the prime factors of 333544?
2, 173, 241
What are the prime factors of 4372904?
2, 546613
What are the prime factors of 2079817?
2079817
What are the prime factors of 2911182?
2, 3, 17, 28541
List the prime factors of 8678434.
2, 4339217
List the prime factors of 4738203.
3, 113, 1553
List the prime factors of 7396414.
2, 31, 119297
List the prime factors of 20733008.
2, 1295813
What are the prime factors of 799599?
3, 193, 1381
List the prime factors of 2514315.
3, 5, 167621
What are the prime factors of 974355?
3, 5, 17, 3821
What are the prime factors of 2452009?
7, 163, 307
What are the prime factors of 144512?
2, 1129
List the prime factors of 9377168.
2, 586073
List the prime factors of 1703189.
797, 2137
What are the prime factors of 46358?
2, 13, 1783
List the prime factors of 470091.
3, 71, 2207
List the prime factors of 33133433.
971, 34123
List the prime factors of 1299593.
59, 22027
What are the prime factors of 2255737?
11, 19, 43, 251
List the prime factors of 149702.
2, 7, 17, 37
List the prime factors of 2635071.
3, 881, 997
What are the prime factors of 2252579?
7, 45971
List the prime factors of 10838254.
2, 7, 774161
What are the prime factors of 3688160?
2, 5, 7, 37, 89
List the prime factors of 8146965.
3, 5, 543131
What are the prime factors of 17601561?
3, 83, 23563
What are the prime factors of 113209?
113209
List the prime factors of 623972.
2, 47, 3319
List the prime factors of 154460.
2, 5, 7723
What are the prime factors of 26821512?
2, 3, 17, 1289
List the prime factors of 1225327.
1225327
List the prime factors of 9744796.
2, 19, 128221
List the prime factors of 2126958.
2, 3, 83, 4271
What are the prime factors of 10934142?
2, 3, 71, 25667
List the prime factors of 9038235.
3, 5, 181, 3329
What are the prime factors of 3064215?
3, 5, 7, 11, 379
List the prime factors of 88667.
88667
List the prime factors of 11478362.
2, 7, 37, 22159
What are the prime factors of 6302510?
2, 5, 43, 14657
What are the prime factors of 324787?
31, 10477
List the prime factors of 613177.
613177
List the prime factors of 1794023.
7, 11, 23, 1013
List the prime factors of 25235489.
25235489
List the prime factors of 8090429.
131, 151, 409
List the prime factors of 17582638.
2, 19, 337, 1373
List the prime factors of 50618.
2, 25309
List the prime factors of 1262730.
2, 3, 5, 7, 859
List the prime factors of 1668410.
2, 5, 166841
List the prime factors of 12403187.
23, 539269
List the prime factors of 530413.
13, 40801
List the prime factors of 7602501.
3, 37, 68491
What are the prime factors of 627160?
2, 5, 15679
What are the prime factors of 113958?
2, 3, 13, 487
What are the prime factors of 313600?
2, 5, 7
What are the prime factors of 518514?
2, 3, 89, 971
What are the prime factors of 205933?
7, 13, 31, 73
What are the prime factors of 1754813?
89, 19717
List the prime factors of 5589079.
41, 136319
List the prime factors of 156567.
3, 52189
What are the prime factors of 3357622?
2, 449, 3739
List the prime factors of 120813.
3, 7, 11, 523
What are the prime factors of 323714?
2, 17, 9521
List the prime factors of 2445104.
2, 152819
List the prime factors of 767422.
2, 353, 1087
List the prime factors of 2986997.
13, 229769
What are the prime factors of 253818?
2, 3, 59, 239
What are the prime factors of 11507?
37, 311
What are the prime factors of 812348?
2, 29, 47, 149
What are the prime factors of 11611344?
2, 3, 241903
What are the prime factors of 1301710?
2, 5, 130171
What are the prime factors of 26478832?
2, 401, 4127
What are the prime factors of 2793802?
2, 11, 29, 151
What are the prime factors of 696061?
696061
List the prime factors of 486424.
2, 41, 1483
What are the prime factors of 143631?
3, 15959
List the prime factors of 869908.
2, 13, 16729
List the prime factors of 5671343.
401, 14143
What are the prime factors of 231051?
3, 77017
What are the prime factors of 43457622?
2, 3, 13, 41, 107, 127
List the prime factors of 68777.
68777
List the prime factors of 101950.
2, 5, 2039
What are the prime factors of 1168692?
2, 3, 7, 13913
What are the prime factors of 196146?
2, 3, 17, 641
What are the prime factors of 7957363?
1871, 4253
List the prime factors of 7269.
3, 2423
List the prime factors of 39800405.
5, 7960081
List the prime factors of 864369.
3, 11, 8731
What are the prime factors of 1769101?
1769101
List the prime factors of 829676.
2, 41, 5059
What are the prime factors of 152526?
2, 3, 11, 2311
List the prime factors of 12345192.
2, 3, 31, 5531
What are the prime factors of 14174491?
83, 170777
What are the prime factors of 525544?
2, 179, 367
What are the prime factors of 2450397?
3, 17, 23, 2089
List the prime factors of 446697.
3, 49633
List the prime factors of 9190429.
163, 56383
List the prime factors of 33381.
3, 3709
What are the prime factors of 6629694?
2, 3, 17, 64997
List the prime factors of 598679.
83, 7213
List the prime factors of 407978.
2, 203989
List the prime factors of 5221666.
2, 53, 49261
List the prime factors of 1324736.
2, 7, 2957
What are the prime factors of 53702?
2, 11, 2441
List the prime factors of 22462434.
2, 3, 46219
List the prime factors of 10911315.
3, 5, 23, 31627
List the prime factors of 2302466.
2, 1151233
What are the prime factors of 1184154?
2, 3, 197359
List the prime factors of 16678610.
2, 5, 13, 71, 139
What are the prime factors of 226123?
226123
What are the prime factors of 512969?
23, 22303
List the prime factors of 135873.
3, 31, 487
What are the prime factors of 2642642?
2, 61, 21661
List the prime factors of 860469.
3, 233, 1231
What are the prime factors of 400244?
2, 13, 43, 179
What are the prime factors of 4484722?
2, 11, 19, 10729
List the prime factors of 2211203.
83, 26641
What are the prime factors of 5593351?
5593351
List the prime factors of 1516501.
7, 30949
What are the prime factors of 148134?
2, 3, 7, 3527
What are the prime factors of 587051?
587051
What are the prime factors of 11896032?
2, 3, 29, 4273
List the prime factors of 164559.
3, 19, 2887
What are the prime factors of 111612?
2, 3, 71, 131
What are the prime factors of 115894?
2, 57947
List the prime factors of 324922.
2, 13, 12497
List the prime factors of 4160024.
2, 11, 41, 1153
What are the prime factors of 161136?
2, 3, 373
What are the prime factors of 2910152?
2, 7, 157, 331
List the prime factors of 33982821.
3, 109, 1283
List the prime factors of 13473401.
17, 792553
What are the prime factors of 8739952?
2, 13, 42019
What are the prime factors of 4748160?
2, 3, 5, 2473
What are the prime factors of 5582574?
2, 3, 67, 1543
What are the prime factors of 250546?
2, 17, 7369
List the prime factors of 224063.
7, 32009
List the prime factors of 66910.
2, 5, 6691
What are the prime factors of 20841559?
643, 32413
List the prime factors of 117526.
2, 58763
List the prime factors of 790507.
271, 2917
List the prime factors of 187337.
187337
What are the prime factors of 9607598?
2, 7, 11, 13, 4799
What are the prime factors of 220275?
3, 5, 11, 89
What are the prime factors of 930777?
3, 449, 691
What are the prime factors of 214801?
79, 2719
What are the prime factors of 9743?
9743
What are the prime factors of 2100786?
2, 3, 37, 9463
List the prime factors of 7221981.
3, 13, 281, 659
What are the prime factors of 387169?
387169
List the prime factors of 220343.
19, 11597
List the prime factors of 61618.
2, 30809
What are the prime factors of 92326?
2, 13, 53, 67
What are the prime factors of 517169?
517169
What are the prime factors of 979893?
3, 108877
What are the prime factors of 475377?
3, 7, 22637
What are the prime factors of 27003877?
941, 28697
What are the prime factors of 1214031?
3, 7, 13, 4447
List the prime factors of 548267.
17, 32251
List the prime factors of 177089.
11, 17, 947
List the prime factors of 14192222.
2, 11, 73, 8837
List the prime factors of 26528779.
53, 317, 1579
What are the prime factors of 1371445?
5, 103, 2663
List the prime factors of 1724873.
151, 11423
What are the 